n factor of 21 and i.
7
Let j(q) = 849*q - 1690. Let p be j(2). Suppose 4*x = x + 132. Calculate the greatest common divisor of p and x.
4
Let g = -18040 + 18880. Calculate the greatest common factor of 1470 and g.
210
Suppose -11 = -t + 4*g, 7 = 18*t - 15*t + g. Let y be -8*(4/(-2) - -1). What is the greatest common divisor of t and y?
1
Suppose -3*u = 2*s - 12, 3*u = 110*s - 108*s - 36. What is the highest common divisor of 732 and s?
12
Suppose 2*h = -2*j + 1064, -6*h + 11*h - 5*j - 2610 = 0. What is the greatest common factor of h and 289?
17
Let y be -6 - ((-3)/(-3) - 5). Let c = y + -3. Let s be (1 - 46)*(-15)/(-125)*c. What is the greatest common divisor of s and 27?
27
Let j = 161 + -162. Let b(y) = -10*y - 2. Let c be b(j). What is the greatest common divisor of c and 2?
2
Suppose -334*l + 329*l = -2*t - 1624, -l + 3*t = -330. Let n = 82 + -78. What is the greatest common divisor of l and n?
4
Suppose 14*h = -41*h + 12870. Calculate the highest common factor of 126 and h.
18
Let w = 17365 - 17361. Let m = 98 - 34. What is the greatest common divisor of m and w?
4
Let h(v) = 2*v**2 - 13*v + 1. Let x be h(7). Suppose -2*k + 720 = x*k. Suppose 31*l = 40*l - 324. Calculate the highest common factor of k and l.
36
Suppose -6*s - 37 = 5*c - 8*s, 5*c + 2*s + 33 = 0. Let l be -3*((-2107)/21 + c). What is the greatest common factor of 14 and l?
14
Suppose 3*y - 111*v - 72899 = -110*v, v = -5*y + 121501. What is the greatest common divisor of y and 600?
300
Suppose 563*o - 87*o = 110432. Suppose -5*f + 85 = 5. Calculate the greatest common divisor of f and o.
8
Suppose -3113*w = -3124*w + 30723. Calculate the highest common divisor of 114 and w.
57
Suppose 5*b = -5*j + 1640, b + 5*j + 158 = 478. Let x be (-1)/(-4) - 239/(-4). What is the highest common factor of b and x?
30
Suppose b - 20 = -0. Let s be (-30)/(3 + -8)*b/8. Calculate the greatest common divisor of 75 and s.
15
Let l be -2 + (2 - 2) - -11. Suppose -3 = -2*m + l. Suppose 0 = -f + 3, 8*t - 2*f + 21 = 9*t. Calculate the highest common divisor of t and m.
3
Let c(w) = -w**3 + 5*w**2 - 2*w - 5. Let m be c(4). Let j be (m - 29 - -9)*(0 - 12). What is the highest common factor of j and 24?
12
Let s = 254 - 127. Let o = s + -97. Calculate the greatest common divisor of 24 and o.
6
Suppose -3*f - h = -688 - 1046, -f + 606 = 5*h. Suppose 2*t + t = 216. Calculate the highest common factor of f and t.
72
Suppose 165297 = 57*f - 59739. What is the greatest common divisor of 7 and f?
7
Suppose 2160 = 6*m + 5*y, -15*y + 1800 = 5*m - 12*y. What is the highest common factor of 780 and m?
60
Let m = -50 - 85. Let r = m - -215. Suppose -6*k + r = -k. What is the highest common factor of k and 128?
16
Let j be (-1)/2 - (-201)/6. Let f be (1 - 3)*149/(-2). Let i = f - 146. Calculate the highest common divisor of i and j.
3
Suppose -18 = -5*u - 8. Let z be (5 - -5 - 1) + u/1. What is the highest common divisor of 22 and z?
11
Suppose 3*c + 837 = -5*w, 2*w + 9*c - 4*c = -350. Let i = -127 - w. Calculate the greatest common factor of i and 57.
19
Let l(v) = -v**3 + 30*v**2 - 28*v + 446. Let a be l(28). What is the greatest common divisor of a and 82?
82
Suppose -16*o = -3*o - 858. Let w be (o - -1) + -15 + 13. What is the highest common divisor of 15 and w?
5
Suppose 18 + 0 = -9*x. Let q be x - ((-3)/9)/((-3)/2691). Let r = -157 - q. Calculate the highest common factor of 18 and r.
18
Let f = -451 + 858. Let d be 222/f - 2029/(-11). Calculate the greatest common divisor of d and 111.
37
Let v(q) = -19*q + 10*q + 114 + 6*q. Let n be v(23). Calculate the greatest common divisor of 81 and n.
9
Suppose 3*z + 5*j = 31, -5*z + 4*j = -6*z + 15. What is the greatest common factor of z and 868?
7
Let z(d) = -254*d - 1511. Let h be z(-6). What is the greatest common divisor of 2470 and h?
13
Suppose 2*b + 27 - 51 = 0. Suppose 5*h + 1176 = b*h. Suppose 33*f - h = 30*f. Calculate the greatest common divisor of 16 and f.
8
Let j(v) = 4*v**2 - 6*v - 10. Let c be j(8). Suppose 163*f - 28248 = 2*f - 53*f. Calculate the highest common factor of f and c.
66
Suppose -81*r = -107*r + 2652. What is the greatest common factor of r and 408?
102
Suppose 8*c - 346 = -7*c - 31. What is the greatest common divisor of c and 1687?
7
Let w(h) = -4*h + 153. Let k be w(25). Let b be k*56/6*30/20. Calculate the highest common factor of b and 14.
14
Let z = -3145 + 3272. What is the highest common factor of z and 13081?
127
Let s = 6843 - 6297. What is the greatest common divisor of 1680 and s?
42
Let r be (-23 + -1)/(-8) - 1*228. Let s = r + 246. What is the highest common divisor of 399 and s?
21
Let p(n) = -58*n + 76 + 11*n**2 - 3*n**2 - 64. Let k be p(9). Calculate the greatest common factor of k and 46.
46
Let i = -5920 - -6804. Calculate the highest common factor of i and 612.
68
Let t(b) = -b**3 + 13*b**2 - 21*b - 75. Let d be t(7). What is the greatest common divisor of d and 7752?
24
Let t(b) = 5*b**3 + 135*b**2 - 4*b - 57. Let o be t(-27). What is the greatest common factor of 5032 and o?
17
Suppose -4*l - l - 4*m = 0, -3*m = 0. Suppose -5*s + 0 = -r - 35, l = 4*s + 3*r - 9. Suppose 4*x - 6 = 34. What is the highest common divisor of x and s?
2
Let o(w) = 38*w - 1. Let a be o(1). Let g = -372 - -385. Suppose -g*c - a + 141 = 0. What is the greatest common divisor of 88 and c?
8
Let u be 9*((-326)/(-489))/((-2)/(-332)). Suppose -3*m = 2*o - 51, 0 = -3*o - 5*m + 106 - 29. Calculate the highest common factor of o and u.
12
Suppose -3*g - 7989 = -2*y, 2*y - 6848 = 4*g + 1140. What is the highest common divisor of 37 and y?
37
Suppose -2*o + 4 = 2, 4*q = 4*o + 76. Let z = -67 + 97. What is the highest common divisor of q and z?
10
Let j(l) = l**3 - 32*l**2 - l + 40. Let r be ((-64)/14)/(16/(-112)). Let n be j(r). Let p be (-1)/5*2*-30. Calculate the highest common factor of p and n.
4
Let r be ((-446)/26 - 4) + 2/13. Let i(g) = 36 + 16*g - 4*g - 5*g - 6*g. Let y be i(r). Calculate the greatest common divisor of y and 75.
15
Suppose 0 = -8*n + 51 - 851. Let k = 58 + n. Let i = 43 + k. Calculate the greatest common divisor of i and 9.
1
Let u be 91842/126 + 3/((-315)/(-10)). Calculate the greatest common divisor of u and 18.
9
Let x(u) = 325*u + 177. Let p be x(3). What is the greatest common factor of 45 and p?
9
Suppose 33*k - 27817 + 23329 = 0. Calculate the greatest common factor of k and 561.
17
Let k be (-25)/10*8154/45. Let r = k + 530. Let f(j) = -j + 4. Let g be f(-7). What is the greatest common factor of g and r?
11
Let k be (-10)/((-450)/(-295)) + 7 + 19418/9. Calculate the highest common factor of 830 and k.
166
Let m(t) = -669 + 664 + 5*t**3 + 6*t - 3*t + 2*t**2. Let h be m(1). Let x = 130 + -75. What is the highest common factor of x and h?
5
Let f be ((-224)/(-112))/(2/(-4) + 1) + 0. What is the highest common divisor of 820 and f?
4
Suppose 7*o + 7*o - 40920 = -6*o. Calculate the greatest common factor of o and 66.
66
Let y(u) = -195*u - 9. Let r be y(1). Let m = 273 - r. Calculate the highest common divisor of 9 and m.
9
Let l be ((-4)/3)/(2/(-3)). Let u be 42 - (0 - 2) - (l + -2). Let n be 28/(-35)*-10*(-11)/(-2). What is the greatest common divisor of u and n?
44
Let a be (-2)/8*-1*4. Let b = 6 - a. Let q(c) = -c**2 - 36*c + 82. Let p be q(-37). What is the greatest common divisor of b and p?
5
Suppose 11*k - 6*k - 865 = 4*u, 0 = -5*k - 4*u + 825. What is the highest common divisor of k and 1?
1
Let o be ((-508)/16 - 4)*-4. Let k(v) = 18*v + 1361. Let a be k(-75). Calculate the greatest common divisor of a and o.
11
Let m be 18/12 - (-303002)/28. Calculate the highest common divisor of 137 and m.
137
Let p = -55 + 107. Suppose p - 632 = -4*w. Let h be (174/12 - (1 + -1))*2. Calculate the greatest common divisor of w and h.
29
Suppose -3*s = -17*s + 56. Let d(u) = -u**3 + 5*u**2 + 5*u + 6. Let p be d(6). Let o be p + 0 + (16 - 10). What is the greatest common divisor of o and s?
2
Let x(l) = -5*l + 169. Let i be x(21). Calculate the highest common divisor of 176 and i.
16
Let z be (-48)/(-9) - (-8)/(-6). Let p(i) = 72*i + z - 145*i + 69*i - i**2 + 5*i**2. Let l be p(2). What is the highest common factor of l and 12?
12
Let t(b) = -15*b - 145. Let h(c) = 3*c + 1. Let m(g) = 2*h(g) + t(g). Let q be m(-16). What 